- 6. Let i be l(-4). Suppose -4*h + d + i = -40, 0 = 2*h + d - 40. Let q = -7 + h. List the prime factors of q.
2, 3
Let t(y) = y**2 + 3*y + 24. What are the prime factors of t(-11)?
2, 7
Let g be (-2 - -3)*-34 + -2. Let m = 61 + g. List the prime factors of m.
5
Let n(l) = 2 - 4*l**2 + 0*l**3 - 3*l**3 + l + 2*l**3. Let b be n(-4). List the prime factors of (-93)/(-6) - (-1)/b.
3, 5
Let x(t) = t**3 + 9*t**2 - 14*t - 13. What are the prime factors of x(-10)?
3
Suppose 0 = 2*b - 2*w - 36, 65 = 5*b - w - 9. Let z = 30 - b. List the prime factors of z.
2
Let u be (0 + 2)*26/4. Suppose q + u = 2*q. List the prime factors of q.
13
Let u = -1 - -3. Suppose a = 4*o - 5, 0 = -5*a - u - 3. Suppose -x - o = -10. List the prime factors of x.
3
Suppose 3*t - 5*t = 0. Suppose -5*a - 2*n + 86 = 0, 0 = 5*n - t*n - 15. What are the prime factors of a?
2
Suppose 477 = 3*c + d - 3*d, 0 = 5*c + 5*d - 795. List the prime factors of c.
3, 53
Let f be (-34)/4 + (-2)/(-4). Let v = 13 + f. What are the prime factors of 0 + 2 + (14 - v)?
11
Let d(f) = f**2 + 10*f + 3. Suppose 16 = 5*t + 66. What are the prime factors of d(t)?
3
Let c be 4*(-1)/(-2) + 1. Suppose 5*f + 12 = c*f. Let t(n) = -n**2 - 9*n - 7. What are the prime factors of t(f)?
11
Let f be (27/6)/(6/8). Let w(b) = -b**2 - 2*b + 8. Let r be w(f). What are the prime factors of 1*-3*r/12?
2, 5
Let b(z) = 46*z - 1. Let t be b(-4). Let d be t/(-5) + (0 - 0). Suppose d = 2*q + 11. What are the prime factors of q?
13
Let w = -10 - -15. Suppose 4*c = w*a - 0*c - 18, 0 = -5*a - 5*c. List the prime factors of a.
2
Let y(r) = r**3 - 4*r**2 + 2*r - 1. Let g be y(5). Suppose -i - 150 = -6*i - 5*d, -g = -i - 3*d. List the prime factors of i.
2, 7
Let x(d) = 33 - 11*d - 11*d - 32. List the prime factors of x(-1).
23
Let l = -52 - -114. List the prime factors of l.
2, 31
Suppose 28 = -4*c + 172. List the prime factors of c.
2, 3
Let a be 6*(-4)/(-18)*3. Suppose 0 = -a*y - y + 10. What are the prime factors of y?
2
Let p(o) = -o**3 - o**2 - o - 1. Let d be p(-2). Suppose d*b = b + 60. List the prime factors of b.
3, 5
Let s(f) = -79*f + 4. List the prime factors of s(-3).
241
Let g be 14/(-49) - 16/(-7). What are the prime factors of ((-4)/(-5))/(g/25)?
2, 5
Let l = 676 + -310. List the prime factors of l.
2, 3, 61
Let u(y) = -2*y**2 + 3*y + 2. Let c be u(-2). Let k be (-20)/6*c/10. Suppose k*q - q = 24. List the prime factors of q.
2
Let u = 1 + 40. Let n = -16 + u. What are the prime factors of n?
5
Suppose 2*x - 10 - 429 = q, -2*q = -2. What are the prime factors of x?
2, 5, 11
Let u(t) = -2*t**2 - t + 6. Let g be u(5). Let q = 79 + g. Suppose q = 4*f + 2. List the prime factors of f.
7
Let j = -67 + 96. Suppose 2*c - 48 = 42. Let p = c - j. What are the prime factors of p?
2
Let g(m) = 3*m**2 - m + 1. Let h(a) = -10*a**2 + 3*a - 4. Let f(x) = 7*g(x) + 2*h(x). Let q be f(2). Suppose -q = -o + 2. List the prime factors of o.
3
Let t(m) = -2*m + 3. Let w be t(2). Let h be w/6 - 194/(-12). Let u = -8 + h. What are the prime factors of u?
2
Suppose 4*r + 0*w = 4*w + 28, 2*w = 5*r - 29. Suppose 0 = -4*m + 4*n + 56, n = -m + r*n + 17. List the prime factors of m.
13
Suppose i + 21 = 4*z, i - 2*i + 2*z = 11. Let q be (-20)/i*(-2)/4. What are the prime factors of (q/4)/((-3)/6)?
5
Let l be 33/(-6) + 1/2. Let r(s) = s + 13. List the prime factors of r(l).
2
Let b(h) = h**2 + 5*h - 1. Let y be b(-6). Suppose 0 = -5*j + 20, m + 2*j - 6*j = -7. Suppose -4*q - m = -u, -y = 3*q + 2*q. What are the prime factors of u?
5
List the prime factors of 2/(2 + (-172)/87).
3, 29
What are the prime factors of ((-72)/(-28))/(3/21)?
2, 3
Suppose -2*x + 14 = -4. Suppose -x = 4*l - 45. What are the prime factors of l?
3
Suppose 3*t - 70 = 4*k, 5*t - 2*k - 90 = t. List the prime factors of t.
2, 11
Suppose j = 4 + 1. Suppose j = v + 1. Suppose 29 = f + f - 3*a, 3*a = -v*f + 13. List the prime factors of f.
7
Suppose 32 = 5*r - 108. List the prime factors of r.
2, 7
Suppose -3*v - 10 = -3*t + t, 4*v = 3*t - 14. Suppose 0*b - 5*w = -3*b + 120, -t*b = 5*w - 55. What are the prime factors of b?
5, 7
Suppose -4*q = -12, -3 = w - 4*q + 4. What are the prime factors of w?
5
Let u(b) = -b + 8. What are the prime factors of u(-16)?
2, 3
Let o(g) = -g - 6. Let h be o(-7). Let y = 5 - h. Suppose -3*u + 38 = 5*x, -y*u + 8 = 5*x - 31. List the prime factors of x.
7
Let d = 7 - 20. Let t = d + 18. What are the prime factors of (12/t)/(3/20)?
2
Suppose -67 - 107 = -2*o. List the prime factors of o.
3, 29
Suppose -17 = 3*r - 29. List the prime factors of r.
2
List the prime factors of (1240/(-24))/(2/3 - 1).
5, 31
Suppose 0*d - 4*d + 144 = 0. Suppose -6*f = -2*f - d. What are the prime factors of f?
3
Let d(a) = 3*a + 3. List the prime factors of d(6).
3, 7
Let q = 36 + -27. List the prime factors of q.
3
Suppose 4 - 20 = -2*z. What are the prime factors of z?
2
Let k(f) = f + 4*f**2 - 6*f**2 - 1 + 3*f**2. Let v be k(2). Suppose j - 7 = -4*r, 10*r + j - 9 = v*r. What are the prime factors of r?
2
Let g be (-102)/5 + (-6)/(-15). Let h = -33 - g. Let y = 21 + h. List the prime factors of y.
2
Let c be 51/12 + (-1)/4. Suppose -2*t - 12 = -3*t - 4*v, 3*v - 9 = -4*t. Suppose -3*u + 6 = t, -3*j - c*u = j - 20. List the prime factors of j.
3
Let l(t) = -t**3 - 8*t**2 - 8*t + 3. What are the prime factors of l(-7)?
2, 5
Let p = -8 + 13. Suppose 4*m = -m + p. List the prime factors of (-11)/((-2)/2) + m.
2, 3
Suppose 3*s + 3 = 3*c, -s + 4*s - 2*c - 1 = 0. What are the prime factors of (s - 0)*32/12?
2
Let m(i) = -5*i - 1. Let l(p) = p**2 + 4*p. Let h(k) = 3*l(k) + 2*m(k). List the prime factors of h(-2).
2, 3
Suppose -5*o + 2*o + 2*w = -4, 7 = 2*o + 3*w. Suppose 0 = 4*u + 5*c - 74, 0 = -2*u - 3*c - o*c + 42. What are the prime factors of u?
2
Let j = 14 - -35. List the prime factors of j.
7
Let r(b) = 7*b - 16. What are the prime factors of r(14)?
2, 41
Let i(o) = 7*o + 78. What are the prime factors of i(-7)?
29
Suppose -3*l - 3 = 0, 0 = 5*b - l + 3*l - 28. Suppose -3*t = -t + 6. What are the prime factors of (-5)/(-1) + b + t?
2
Suppose -6*w + 5 = -w. Let o be (1*-19 - 0)*w. Let g = o - -33. What are the prime factors of g?
2, 7
Suppose t + 3 = -2. Let g be t/15 - 44/3. What are the prime factors of 102/4*(-10)/g?
17
Let q = 54 + -29. What are the prime factors of q?
5
Suppose -4*u - 3 = -19, -70 = -z - 4*u. List the prime factors of z.
2, 3
Let w(c) = c**3 + 9*c**2 + 11*c + 6. Let r be w(-7). Let g = r + 7. List the prime factors of g.
2, 17
Let r(b) = 5*b**2 + 6*b. Let o be r(-4). Suppose -10 = j + o. List the prime factors of (j/(-9))/((-4)/(-6)).
11
Let n(l) = -l**2 - 5*l - 5. Let p be n(-4). Let s be (4 - 5) + (-5)/(-1). Let y = s - p. What are the prime factors of y?
5
Suppose 8*n = 3*n + 5. Suppose -n = 2*s - 5. Suppose 4*q - s*q = 24. List the prime factors of q.
2, 3
Let g = 331 - 166. List the prime factors of g.
3, 5, 11
Let k = 7 + -13. Let d = k + 4. Let s(m) = -m**3 + 3*m + 2. List the prime factors of s(d).
2
Let c = 279 - 86. What are the prime factors of c?
193
Let s be (11 - 1)*(-4)/(-5). Suppose 2*v + 2*v - 2 = -p, 2*v + s = 4*p. Suppose o + 0 = -4*f - 8, 2*o = -2*f + p. What are the prime factors of o?
2
Suppose -2*h - 5*t = -4*t - 23, -t = h - 14. Suppose 5 = 4*p + p + k, -2*p + k = -h. Suppose -p*f = f - 21. What are the prime factors of f?
7
Suppose -12 + 4 = -4*c. Suppose 0 = c*m - 5 - 17. What are the prime factors of m?
11
Let u(v) = v**3 + 5*v**2 + 4*v - 1. Suppose -4*x = 4*h + 16 + 16, 5 = 5*h - 4*x. Let q be u(h). Suppose 3*s - 19 = q. What are the prime factors of s?
2
Let r = -10 + 12. Let c = r - -7. Suppose 2*n - 44 = 5*m, 2*n - 7 = -2*m + c. What are the prime factors of n?
2, 3
Let x(p) = -13*p + 76. List the prime factors of x(-19).
17, 19
Suppose -2*b - 42 = -4*b. Let x = 34 - b. List the prime factors of x.
13
Let x be ((-1 - -4) + 0)*-1. Let h(j) = j + 6. Let q be h(6). Let a = x + q. What are the prime factors of a?
3
Suppose 4*x - 258 = 38. What are the prime factors of x?
2, 37
Suppose -2*l + 168 = 2*l - 4*n, 67 = l + 4*n. What are the prime factors of l/3 - (-2)/6?
2
Let w(d) be the first derivative of -d**3/3 + 3*d**2 + 9*d + 4. Let c be w(8). Let q(o) = o**3 + 6*o**2 - 8*o + 2. List the prime factors of q(c).
3
Suppose -p +